{"id":38,"date":"2017-11-09T13:02:04","date_gmt":"2017-11-09T13:02:04","guid":{"rendered":"http:\/\/kentlarus.is\/?page_id=38"},"modified":"2024-02-14T08:28:18","modified_gmt":"2024-02-14T08:28:18","slug":"islenska","status":"publish","type":"page","link":"https:\/\/kentlarus.is\/?page_id=38","title":{"rendered":"\u00cdslenska"},"content":{"rendered":"<p>Kent L\u00e1rus er kanad\u00edskur a\u00f0 uppruna en \u00edslenskur \u00ed b\u00e1\u00f0ar \u00e6ttir, stoltur Vestur-\u00cdslendingur me\u00f0 \u00edslenskt r\u00edkisfang s\u00ed\u00f0an 2008.<\/p>\n<p>Hann er mennta\u00f0ur lei\u00f0s\u00f6guma\u00f0ur og hefur fari\u00f0 me\u00f0 h\u00f3pa v\u00edtt og breytt um landi\u00f0 s\u00ed\u00f0astli\u00f0in \u00e1r.<\/p>\n<table class=\"visualLinkTable\" style=\"height: 104px;\" role=\"group\" border=\"0\" width=\"596\" cellspacing=\"0\" cellpadding=\"0\" aria-label=\"Vestr f\u00f3rk of ver \">\n<tbody>\n<tr class=\"visualLinkImageRow\" aria-hidden=\"true\">\n<td align=\"center\"><\/td>\n<\/tr>\n<tr class=\"visualLinkTitleRow\" aria-labelledby=\"visualLinkTitle\">\n<td class=\"visualLinkTitleCell\" aria-hidden=\"true\"><img decoding=\"async\" loading=\"lazy\" class=\"alignnone  wp-image-525\" src=\"https:\/\/kentlarus.is\/wp-content\/uploads\/2020\/09\/2020-062.jpg\" alt=\"\" width=\"319\" height=\"331\" srcset=\"https:\/\/kentlarus.is\/wp-content\/uploads\/2020\/09\/2020-062.jpg 1252w, https:\/\/kentlarus.is\/wp-content\/uploads\/2020\/09\/2020-062-289x300.jpg 289w, https:\/\/kentlarus.is\/wp-content\/uploads\/2020\/09\/2020-062-768x797.jpg 768w, https:\/\/kentlarus.is\/wp-content\/uploads\/2020\/09\/2020-062-987x1024.jpg 987w\" sizes=\"(max-width: 319px) 100vw, 319px\" \/><\/td>\n<\/tr>\n<tr class=\"visualLinkDescriptionRow\" aria-labelledby=\"visualLinkDescription\">\n<td class=\"visualLinkDescriptionCell\" aria-hidden=\"true\"><img decoding=\"async\" loading=\"lazy\" class=\"alignnone size-medium wp-image-116\" src=\"http:\/\/kentlarus.is\/wp-content\/uploads\/2017\/11\/Kent-La\u00cc\u0081rus-Bjo\u00cc\u02c6rnsson-Logo-293x300.jpg\" alt=\"\" width=\"293\" height=\"300\" srcset=\"https:\/\/kentlarus.is\/wp-content\/uploads\/2017\/11\/Kent-La\u00cc\u0081rus-Bjo\u00cc\u02c6rnsson-Logo-293x300.jpg 293w, https:\/\/kentlarus.is\/wp-content\/uploads\/2017\/11\/Kent-La\u00cc\u0081rus-Bjo\u00cc\u02c6rnsson-Logo-768x788.jpg 768w, https:\/\/kentlarus.is\/wp-content\/uploads\/2017\/11\/Kent-La\u00cc\u0081rus-Bjo\u00cc\u02c6rnsson-Logo.jpg 900w\" sizes=\"(max-width: 293px) 100vw, 293px\" \/><\/td>\n<\/tr>\n<tr class=\"visualLinkButtonRow\">\n<td align=\"center\"><\/td>\n<\/tr>\n<\/tbody>\n<\/table>\n","protected":false},"excerpt":{"rendered":"<p>Kent L\u00e1rus er kanad\u00edskur a\u00f0 uppruna en \u00edslenskur \u00ed b\u00e1\u00f0ar \u00e6ttir, stoltur Vestur-\u00cdslendingur me\u00f0 \u00edslenskt r\u00edkisfang s\u00ed\u00f0an 2008. Hann er mennta\u00f0ur lei\u00f0s\u00f6guma\u00f0ur og hefur fari\u00f0 me\u00f0 h\u00f3pa v\u00edtt og breytt um landi\u00f0 s\u00ed\u00f0astli\u00f0in \u00e1r.<\/p>\n","protected":false},"author":1,"featured_media":0,"parent":0,"menu_order":0,"comment_status":"closed","ping_status":"closed","template":"","meta":[],"_links":{"self":[{"href":"https:\/\/kentlarus.is\/index.php?rest_route=\/wp\/v2\/pages\/38"}],"collection":[{"href":"https:\/\/kentlarus.is\/index.php?rest_route=\/wp\/v2\/pages"}],"about":[{"href":"https:\/\/kentlarus.is\/index.php?rest_route=\/wp\/v2\/types\/page"}],"author":[{"embeddable":true,"href":"https:\/\/kentlarus.is\/index.php?rest_route=\/wp\/v2\/users\/1"}],"replies":[{"embeddable":true,"href":"https:\/\/kentlarus.is\/index.php?rest_route=%2Fwp%2Fv2%2Fcomments&post=38"}],"version-history":[{"count":10,"href":"https:\/\/kentlarus.is\/index.php?rest_route=\/wp\/v2\/pages\/38\/revisions"}],"predecessor-version":[{"id":563,"href":"https:\/\/kentlarus.is\/index.php?rest_route=\/wp\/v2\/pages\/38\/revisions\/563"}],"wp:attachment":[{"href":"https:\/\/kentlarus.is\/index.php?rest_route=%2Fwp%2Fv2%2Fmedia&parent=38"}],"curies":[{"name":"wp","href":"https:\/\/api.w.org\/{rel}","templated":true}]}}